 = 6 - 6. Suppose -3*j + j + 168 = m. Let a = j - 56. What is the highest common factor of a and 14?
14
Suppose -4*q = -74 - 22. Suppose -14 = -4*b - s, -5*b + 6*s - 4*s + 11 = 0. Calculate the highest common factor of b and q.
3
Let i(z) be the first derivative of -139*z**2/2 + z - 11. Let k be i(1). Let n = -39 - k. What is the greatest common factor of n and 11?
11
Suppose k + 8 = 25. Let m = 352 + -165. What is the greatest common factor of k and m?
17
Let y(g) = 2*g + 5. Let s(n) = 5*n + 15. Let t(b) = -3*s(b) + 8*y(b). Let z be t(2). Let p be (1 - 2)/(z/27). Calculate the highest common factor of p and 1.
1
Suppose 25 = 4*t - 23. Let k(c) = 19*c + 20. Let j be k(5). Suppose -12 = -j*f + 114*f. Calculate the greatest common divisor of t and f.
12
Suppose z + 30 = 3*z. Let g = z - 30. Let b = g - -19. Calculate the greatest common factor of 32 and b.
4
Suppose 0 = -17*t + 13*t + 7440. Suppose 0 = 2*q + 3*q - t. Let y be 2/11 + q/11. Calculate the highest common divisor of 34 and y.
34
Let y(u) = 3*u**3 - u**2 - 12*u - 10. Let p be y(-4). Let t = p + 395. Calculate the highest common factor of t and 25.
25
Suppose 197*n + 540 = 199*n. Calculate the highest common divisor of 81 and n.
27
Let o = 19 + 1. Let m = 29 - o. Calculate the greatest common factor of 99 and m.
9
Let g = -1352 + 1358. Suppose -p + 17 - 4 = 0. Suppose 4*x - 3 - p = 0, 0 = -2*y - 5*x + 152. What is the highest common divisor of g and y?
6
Suppose -5 = -4*j + 5*j + 2*y, 0 = 4*j + 5*y + 8. Suppose r = -4*r - 10. Let u be 31 + r - 2 - 0. What is the highest common divisor of u and j?
3
Let d(a) be the first derivative of -a**3/3 + a**2/2 + 40*a + 13. Let r be d(0). Calculate the greatest common factor of r and 100.
20
Let v = -618 + 802. Calculate the highest common divisor of v and 8.
8
Let u = -320 - -947. Calculate the greatest common factor of u and 57.
57
Let d(m) = 10*m + 13. Let x be d(-9). Let i = -42 - x. Calculate the greatest common divisor of 385 and i.
35
Suppose 1850 + 1048 = 3*y. What is the greatest common divisor of 42 and y?
42
Let l(f) = f + 48. Let s be l(29). What is the greatest common divisor of s and 35?
7
Suppose -35 = -22*m + 229. What is the highest common factor of m and 156?
12
Let d(u) = -u**3 + 6*u**2 + 9*u - 5. Let l = -7 - -1. Let j(z) = -z + 1. Let c be j(l). Let t be d(c). Calculate the greatest common divisor of 36 and t.
9
Suppose 275 = 5*n - 5*c, 4*n = 10*c - 5*c + 221. What is the highest common divisor of 72 and n?
18
Suppose -24*d + 21*d = -102. What is the greatest common divisor of 136 and d?
34
Let c = -21 - -23. Let m be 0 - (c/(-5)*-5 + -45). Calculate the highest common divisor of m and 43.
43
Let b be (22/22)/(1/504). What is the greatest common divisor of 14 and b?
14
Let u be 0 + 1 - (-45)/1. Suppose -4*j = -3*w + 308, -2*j - 256 + 240 = 0. What is the greatest common factor of w and u?
46
Suppose -5*v - 4*n = -1478, -n = 4*v - 2*n - 1174. What is the highest common factor of 168 and v?
42
Let f(c) = 6*c**2 + 11*c - 87. Let z be f(7). Calculate the highest common divisor of z and 4.
4
Let g be -49 - ((-12)/(-3))/4. Let o be (1120/g)/((-4)/10). Let x(c) = 5*c - 6. Let l be x(4). Calculate the greatest common factor of o and l.
14
Let i(t) = 14*t**2 - 26. Let u be i(7). What is the greatest common factor of 60 and u?
60
Let l = -42 + 39. Let g(x) = -x**2 - 7*x. Let r be g(l). What is the greatest common divisor of r and 60?
12
Let h = -8 - -13. Let k(u) = -4 - 6*u**3 - 3*u + 7*u**3 + 0*u - 4*u**2. Let d be k(h). What is the greatest common factor of 12 and d?
6
Suppose 17*q - 28 = 23. Suppose 3*g + 2*x - 57 - 32 = 0, -g + 3*x = -15. What is the greatest common factor of g and q?
3
Let w(m) = m**3 + 9*m**2 + 11*m + 24. Let z be w(-7). Calculate the greatest common divisor of 20 and z.
5
Let i = -48 - -48. Let m = i - -35. Calculate the greatest common factor of m and 140.
35
Let d = 38 - 18. Suppose 1 - 22 = 2*y - h, 5*h = -15. Let w = d - y. Calculate the highest common divisor of w and 48.
16
Suppose 3*c + 5*b - 30 = 0, -c - b + 2*b + 2 = 0. Let p(f) = f**3 - 7*f**2 + 7*f - 1. Let l be p(6). Calculate the greatest common factor of l and c.
5
Let y(d) = d**2 + 6*d - 25. Let b be y(-11). Suppose b*h - 35*h = -625. What is the greatest common divisor of 50 and h?
25
Let s(r) = -r - 7. Let p be (4/6 - 1) + 26/(-3). Let q be s(p). Let m(x) = x**2 + 6*x + 2. Let d be m(-6). Calculate the highest common factor of q and d.
2
Suppose -58*s + 1152 = -10*s. Calculate the highest common factor of s and 60.
12
Let j(s) = 7*s**2 - 22*s + 13. Let y be j(5). What is the greatest common factor of y and 78?
78
Let v(q) = q**3 + 8*q**2 + 12*q + 21. Let f be v(-6). Let m be 45/18*(-16)/10 + f. Calculate the greatest common factor of 119 and m.
17
Let k = -1146 - -1992. What is the highest common factor of k and 72?
18
Let r be (-4)/(-22) - 680/110 - -4. Let u be (((-2)/3)/r)/(1/48). Calculate the highest common divisor of 176 and u.
16
Let g(y) = 3*y - 3. Let a be g(2). Suppose a*v - 182 - 112 = 0. Suppose 0*i = -2*i + v. What is the highest common divisor of i and 7?
7
Suppose 0 = 3*m + m. Suppose 4*k + 16 = 0, -2*q - 4*k + m*k + 56 = 0. What is the highest common divisor of q and 9?
9
Let l(d) = 2*d**2 + 3*d - 4. Let q be l(-4). Let o = -14 + q. Suppose 0 = k - 16 - o. What is the greatest common factor of k and 72?
18
Suppose 4*h - 2168 = 4*k - k, -k + 1074 = 2*h. What is the greatest common divisor of h and 11?
11
Let j = 174 + -152. What is the greatest common factor of 594 and j?
22
Let h(a) = -2*a**3 + 40*a**2 - 33*a + 59. Let j be h(17). What is the greatest common divisor of j and 77?
77
Let o = 161 + -111. Suppose 4*k + k - o = 0. Let j(y) = -y**2 + 14*y + 2. Let z be j(13). What is the highest common divisor of k and z?
5
Suppose -v - 3 = -2*v. Suppose -2*y + 4 + 6 = v*k, 0 = 3*k - 5*y + 25. Suppose x + k*x - 6 = 0. What is the greatest common divisor of 54 and x?
6
Let k = -8 + 7. Suppose -18 = b - 5*i, 5*b = 4*i - 2*i + 25. Let t = b + k. Calculate the greatest common divisor of t and 12.
6
Suppose -4*i = 2*p + p - 40, 4*i = 2*p. Let a be (p/(-20))/((-8)/20). Let b be 18/(-9) - a*-4. What is the highest common divisor of 3 and b?
1
Let o(l) = -l**2 - 23*l - 69. Let k be o(-18). Calculate the highest common divisor of 357 and k.
21
Let g be 2/(-5) + 18417/105. Calculate the highest common divisor of g and 28.
7
Let n(l) = l**3 - 12*l**2 - 22*l - 28. Let j be n(14). Calculate the greatest common divisor of j and 224.
56
Let o = -5 - 11. Let f = o - -18. Let s be 3 + -6 - 24/(-3). What is the highest common divisor of s and f?
1
Suppose -n - 5*w + 80 = -20, 0 = -5*w + 20. Let t be -15*1/3*-1. Let m(c) = -c**2 + 8*c - 5. Let y be m(t). Calculate the highest common factor of n and y.
10
Let w = -274 - -301. Calculate the highest common divisor of 18 and w.
9
Let r(w) = -w**3 + w**2 + 2*w. Let h be r(2). Suppose 3*i + 6 = h, -5*k + 0*i = -2*i - 499. What is the highest common factor of 11 and k?
11
Suppose -18*j + 15*j = -3. Let d be ((-12 + 3)*4)/j. Let l be (d/15)/((-1)/5). Calculate the highest common factor of 12 and l.
12
Let t(g) = g**2 - 10*g - 8. Let y = -22 + 34. Let z be t(y). Let c(k) = -k + 176. Let v be c(0). Calculate the highest common divisor of v and z.
16
Let i be (0 - (-1 + -51)) + 4. Calculate the highest common divisor of 72 and i.
8
Suppose -2*j = q - 237, -2*j + 241 = 40*q - 43*q. Calculate the highest common divisor of 56 and j.
7
Let r = -118 - -120. Let t be (3 + 19*(-1)/r)*-2. What is the greatest common factor of 143 and t?
13
Suppose 5*v = -4*s + 204, 16*s - 14*s - 76 = 4*v. What is the greatest common factor of 874 and s?
46
Let u be (-11921)/(-52) + 3/4. Let h = u + -122. What is the greatest common divisor of 12 and h?
12
Let o be ((-54)/(-15) + -3)/((-26)/(-1950)). What is the greatest common factor of 55 and o?
5
Let y(f) = -f**2 + 26*f + 29. Let t be y(25). What is the greatest common divisor of 30 and t?
6
Suppose -5*t - 2*l + 38 = 0, -9 = -5*t - 4*l + 27. What is the highest common factor of t and 76?
4
Let x(o) = o**3 + 16*o**2 + 36*o - 11. Let z be x(-13). What is the highest common divisor of 20 and z?
4
Let b(d) = -5*d - 85. Let a be b(-19). Calculate the highest common factor of 125 and a.
5